?
4056
What is 20032230 (base 4) in base 7?
200163
-3156 (base 13) to base 3
-100101000
1966 (base 10) to base 9
2624
9a53 (base 12) to base 7
100503
Convert 669 (base 11) to base 14.
413
3a2 (base 13) to base 6
2543
Convert -149 (base 16) to base 15.
-16e
What is -18b5 (base 13) in base 2?
-111001110001
What is -110020 (base 3) in base 12?
-236
Convert -4349 (base 15) to base 5.
-423434
What is 455520 (base 6) in base 11?
27214
What is -71113 (base 8) in base 9?
-44120
-4442 (base 5) to base 9
-761
Convert -1c98b (base 14) to base 2.
-10001111000001111
What is 101101001111 (base 2) in base 3?
10222020
What is -4125 (base 14) in base 16?
-2bc5
Convert -11101011 (base 2) to base 8.
-353
Convert 102 (base 7) to base 11.
47
What is -1b7a (base 12) in base 10?
-3406
Convert -7152 (base 9) to base 13.
-24c5
Convert 455 (base 14) to base 12.
5b7
Convert -1575 (base 12) to base 15.
-b42
Convert -3415 (base 6) to base 8.
-1443
-452 (base 7) to base 16
-e9
What is 1513 (base 7) in base 15?
29d
What is 3509 (base 11) in base 3?
20022122
-111011100111 (base 2) to base 16
-ee7
What is 8670 (base 13) in base 12?
a989
-444434 (base 5) to base 6
-200151
Convert 30223 (base 5) to base 3.
2122210
What is 20b8 (base 12) in base 11?
277a
68272 (base 9) to base 8
130561
Convert -20020 (base 3) to base 4.
-2220
What is 2011200121 (base 3) in base 2?
1010011100100000
What is 5a42 (base 11) in base 6?
100343
789 (base 16) to base 14
9bb
Convert -100010111101 (base 2) to base 6.
-14205
What is 111001101 (base 2) in base 10?
461
What is -23413 (base 6) in base 10?
-3393
217 (base 13) to base 12
25a
15229 (base 11) to base 13
9a82
9b3 (base 13) to base 4
122003
aa (base 12) to base 5
1010
Convert -22011031 (base 4) to base 2.
-1010000101001101
7d2 (base 15) to base 13
a64
Convert -25642 (base 8) to base 10.
-11170
-b698 (base 13) to base 11
-18016
-57 (base 16) to base 14
-63
-1683 (base 10) to base 13
-9c6
Convert 24b88 (base 13) to base 3.
10110010010
What is -1a12 (base 14) in base 7?
-16522
What is -10001011010110111 (base 2) in base 14?
-1c007
Convert -1000001110111010 (base 2) to base 14.
-c40a
What is -41541 (base 7) in base 9?
-15016
Convert -2269 (base 10) to base 14.
-b81
28741 (base 10) to base 4
13001011
-4202 (base 8) to base 11
-1700
Convert 2013320 (base 5) to base 10.
32335
Convert 112 (base 11) to base 15.
8e
124504 (base 6) to base 16
2c98
Convert -2711 (base 8) to base 9.
-2025
Convert 2866 (base 11) to base 5.
104302
-23232212 (base 4) to base 10
-48038
What is -6430 (base 10) in base 15?
-1d8a
Convert -2448 (base 11) to base 8.
-6176
Convert 6b90 (base 14) to base 9.
27638
-234 (base 9) to base 13
-11b
58233 (base 9) to base 8
113655
What is 233200 (base 5) in base 13?
3b79
What is -478 (base 15) in base 10?
-1013
What is 94a (base 13) in base 3?
2011122
-6a8 (base 16) to base 11
-130a
What is 100000001101110 (base 2) in base 11?
11435
41385 (base 10) to base 3
2002202210
Convert aa94 (base 11) to base 13.
686b
What is -421 (base 6) in base 15?
-a7
Convert -140 (base 6) to base 12.
-50
What is 704 (base 8) in base 11?
381
747 (base 14) to base 13
865
Convert -6c5c (base 13) to base 16.
-3bb7
Convert -1100011011 (base 2) to base 14.
-40b
240 (base 7) to base 5
1001
Convert -80 (base 13) to base 9.
-125
What is 58a2 (base 12) in base 3?
111121012
Convert -2a171 (base 11) to base 2.
-1010011100100111
-314 (base 9) to base 14
-144
1000001 (base 3) to base 5
10410
Convert 10212232 (base 4) to base 14.
6c34
-3620 (base 8) to base 11
-1500
-1001121211 (base 3) to base 9
-31554
-4321 (base 5) to base 12
-40a
11010011111000 (base 2) to base 6
142440
-5427 (base 11) to base 9
-10744
154013 (base 7) to base 14
b00a
Convert 2020101 (base 3) to base 5.
23010
What is -411 (base 7) in base 13?
-129
What is 19487 (base 10) in base 4?
10300133
Convert 101202 (base 3) to base 10.
290
Convert d4b (base 15) to base 11.
2284
What is 100110111110 (base 2) in base 11?
1968
Convert 21c (base 16) to base 12.
390
Convert -1b1 (base 13) to base 7.
-625
Convert 10001110011011010 (base 2) to base 5.
4313142
Convert -2130 (base 4) to base 14.
-b2
4dc (base 16) to base 8
2334
1713 (base 9) to base 12
910
Convert -4f51 (base 16) to base 14.
-7585
1669 (base 10) to base 7
4603
What is 434405 (base 6) in base 3?
1211101112
22c (base 15) to base 13
2bb
Convert 2133200 (base 4) to base 12.
5aa8
What is -1258 (base 12) in base 8?
-4044
What is -11033 (base 10) in base 12?
-6475
-1468 (base 11) to base 14
-98d
1220 (base 10) to base 13
72b
Convert 29a (base 13) to base 8.
721
-7106 (base 8) to base 13
-1881
What is -386 (base 12) in base 2?
-1000010110
-2246 (base 7) to base 9
-1108
-12205 (base 6) to base 5
-24210
What is 93c (base 15) in base 3?
2212010
423134 (base 6) to base 3
1202012011
What is -41612 (base 7) in base 12?
-5b22
-309 (base 13) to base 16
-204
Convert -11001101110001 (base 2) to base 14.
-4b29
What is 641 (base 7) in base 16?
143
a6d (base 15) to base 16
931
-36465 (base 7) to base 14
-366c
11001100111 (base 2) to base 10
1639
-12521 (base 6) to base 13
-b4a
Convert 232222 (base 4) to base 8.
5652
What is -1616 (base 7) in base 12?
-462
Convert 1010000100 (base 2) to base 15.
2ce
What is -1517 (base 8) in base 7?
-2320
What is -43 (base 5) in base 12?
-1b
Convert a8b (base 13) to base 7.
5156
Convert 1aac (base 13) to base 15.
12d9
Convert 1001001101001001 (base 2) to base 13.
14215
Convert 64356 (base 7) to base 13.
7362
220111 (base 3) to base 2
1010010101
What is -20772 (base 10) in base 15?
-624c
Convert 6b1 (base 14) to base 3.
1211022
1880 (base 10) to base 2
11101011000
What is 111100101 (base 2) in base 4?
13211
What is -714 (base 16) in base 13?
-a95
-7f2 (base 16) to base 9
-2710
Convert -1504 (base 7) to base 4.
-21100
What is 28a (base 13) in base 7?
1214
What is -4553 (base 8) in base 15?
-aab
Convert 613 (base 15) to base 8.
2530
-22021 (base 4) to base 7
-1615
What is 1632 (base 8) in base 13?
55c
What is 17345 (base 10) in base 7?
101366
Convert d64 (base 16) to base 9.
4628
Convert -1001111110111100 (base 2) to base 7.
-230135
Convert 2255 (base 6) to base 3.
201222
Convert -2526 (base 8) to base 13.
-811
Convert 847 (base 13) to base 16.
583
-320 (base 4) to base 13
-44
935 (base 10) to base 13
56c
What is 8262 (base 12) in base 16?
376a
What is 2020222 (base 3) in base 13?
998
What is 5668 (base 9) in base 14?
1757
Convert -123002 (base 4) to base 14.
-8b8
Convert 551411 (base 6) to base 11.
313a0
What is 11100011 (base 2) in base 4?
3203
Convert 101111010 (base 2) to base 4.
11322
-1963 (base 11) to base 15
-b0e
What is 10023230 (base 4) in base 6?
211152
Convert 25a40 (base 12) to base 14.
14b3a
Convert -46771 (base 8) to base 2.
-100110111111001
906 (base 14) to base 9
2376
Convert 30616 (base 8) to base 16.
318e
55f (base 16) to base 3
1212221
What is -10718 (base 9) in base 11?
-5406
Convert 10111100010 (base 2) to base 7.
4251
8b3 (base 14) to base 12
bb9
What is -55 (base 14) in base 16?
-4b
-235430 (base 7) to base 16
-a6fd
341122 (base 5) to base 6
131421
-257a (base 13) to base 16
-14dc
-18d (base 15) to base 13
-217
-1033 (base 6) to base 14
-12d
-36a1 (base 11) to base 9
-6556
Convert 421 (base 9) to base 8.
527
Convert -5414 (base 10) to base 8.
-12446
Convert -100111201 (base 3) to base 7.
-26131
Convert 408 (base 12) to base 9.
718
What is 101110000 (base 2) in base 12?
268
What is -11010010000 (base 2) in base 5?
-23210
What is -102210 (base 5) in base 2?
-110101100110
What is 1658 (base 9) in base 12?
898
-44125 (base 6) to base 3
-22100222
What is 4726 (base 9) in base 12?
2043
What is -110101010 (base 2) in base 4?
-12222
What is 1231 (base 6) in base 3?
102101
-21022 (base 4) to base 15
-291
What is -3a30 (base 14) in base 6?
-115214
What is -1200 (base 5) in base 2?
-10101111
-30330021 (base 4) to base 15
-10a86
Convert 14e9 (base 15) to base 8.
10616
2028 (base 15) to base 8
15204
Convert 20202100 (base 3) to base 13.
2319
What is 321 (base 16) in base 4?
30201
What is -504 (base 12) in base 8?
-1324
What is 2333 (base 8) in base 12?
877
What is 24214 (base 8) in base 10?
10380
Convert -b9 (base 15) to base 16.
-ae
-111101111110 (base 2) to base 16
-f7e
Convert -2190 (base 14) to base 13.
-284c
What is -1727 (base 10) in